. Let f(m) = -4*m - v*m - 5 + 16*m. Calculate f(5).
5
Let q(l) = -l**3 + 13*l**2 - 11*l - 10. Let h be q(12). Suppose h*r - 11 = -d, 0*d - d + 4*r - 7 = 0. Let s(b) = d*b - 10*b + 0*b**2 + b**2 - 2. What is s(5)?
-2
Let m be -2 + 3 - (-10)/5. Let k(b) = 1 - 2 - 2*b**2 - 19 + m*b**2. Determine k(0).
-20
Let q(t) = -t - 13. Let y(j) = 22*j - 134. Let x be y(7). Suppose -4*h = 4 - x, u = -5*h + 14. What is q(u)?
-7
Let o(n) = -153 + 455 - 156 - 153 - 2*n. Determine o(0).
-7
Let c(f) = -4*f**3 + 2*f**2 - 2*f + 1. Let m(i) = -9*i + 3. Let x = -103 + 98. Let g be m(x). Suppose -g*s + 3 = -45*s. Calculate c(s).
-3
Let o(r) = 6*r**2 + 3*r + 5. Let z(s) = -5*s**2 - s - 4. Let v(j) = 4*o(j) + 5*z(j). Let d(f) = 2*f**2 - 7*f + 2. Let t(q) = 2*d(q) + 3*v(q). Give t(-8).
12
Suppose -25*v = -18*v - 574. Let k = v + -77. Let m(q) = -2*q**2 + 5*q + 1. What is m(k)?
-24
Let g(m) = -m - 1. Let x(i) = 4*i + 2. Let r(p) = -5*g(p) - x(p). Let y(n) = -n**2 - 2*n + 7. Let j be y(4). Let q(a) = -4*a - 75. Let o be q(j). What is r(o)?
-4
Suppose -z = -u + 11 - 18, 0 = -4*z - 28. Let m(c) = -c**2 - 10*c + 7. Determine m(u).
-49
Let x(i) = -10*i + 15. Suppose -69*y + 60 = -49*y. Calculate x(y).
-15
Let p(z) = 50 + 52 + 61 + 2*z - 160. Suppose n - 2*w - 3 = -18, -3*n + 5*w = 40. Let m(r) = r - 1. Let t be m(n). What is p(t)?
-9
Suppose f - 19 = -5*i, -4 = -5*f - i - 5. Let h(w) = -16*w**2 + 2*w - 1. Let d = 99 - 94. Let n(z) = -33*z**2 + 6*z - 2. Let g(u) = d*h(u) - 2*n(u). Give g(f).
-13
Let u(z) = -3*z + z**2 - z + 3*z**2 - 3*z**2 - 15. Let h be -28*(-8 - (-3 + -1 + 60/(-16))). Determine u(h).
6
Let z(c) = c**3 + 17*c**2 - 20*c - 37. Suppose 78 = -5*w - 4*o, 0 = -1542*w + 1543*w - 3*o + 27. Determine z(w).
-1
Let k(l) = 7*l - 71. Let u(v) = -9*v + 100. Let q(f) = -7*k(f) - 5*u(f). Let a(c) = -c**3 - 4*c**2 + 6*c - 2. Let i be a(-5). Give q(i).
25
Let i(y) = y + 1. Let w(n) = 8*n**2 - 3*n - 2. Let p(m) = -i(m) - w(m). Suppose 0*r - 10 = -2*r, 0 = 3*v + 4*r - 8. Let f be (-1)/(v/4 - -2). Determine p(f).
-9
Let c be (154/56)/((-2)/(-8)). Suppose 0 = -12*d + 23 - c. Let b(h) be the first derivative of -5*h**2/2 - h + 6. Calculate b(d).
-6
Let j(x) = x**3 - 8*x**2 - 19*x - 18. Suppose -377*c - 66 - 24 = -386*c. Determine j(c).
-8
Suppose 2*m - 66*b + 20 = -62*b, 4*b = -4*m + 8. Let o(j) = 4*j**2 + 7*j + 4. Calculate o(m).
6
Let q(y) = y**3 - 12*y**2 + 13*y - 16. Suppose -m + 36 = 5*h, m - 3*h - 31 = -7*h. Let p be q(m). Let l(k) = -k + 1. Give l(p).
-5
Suppose -10*y = -8*y. Suppose 4*j - j + 24 = y. Let b(d) = -d - 5*d - 3*d - d**2 - 9. Determine b(j).
-1
Let m(a) = -49*a**2 - 12*a + 34. Let l(j) = -61*j**2 - 14*j + 34. Let n(d) = 4*l(d) - 5*m(d). What is n(0)?
-34
Let c(u) = u**3 - 6*u**2 - u - 2. Let j be -7 + (-20)/(-3) + 128/6. Suppose -4*y = 4*h - 4, j*h + 4*y = 23*h - 32. Give c(h).
-8
Let l(f) = -3*f**3 + 11*f**2 + 39*f - 7. Let i(o) = 2*o**3 - 10*o**2 - 29*o + 8. Let v(d) = -4*i(d) - 3*l(d). Calculate v(-7).
-4
Let u(w) = w**2 + 8*w. Let r = -31 + 39. Suppose 9*y - 13*y = -r. Suppose -2 = -y*z + 3*z - q, 2*z + 2*q = -24. Give u(z).
-7
Let k = 3555 - 3561. Let t(j) be the first derivative of -j**4/4 - 5*j**3/3 + 2*j**2 - 10*j - 1. Calculate t(k).
2
Let y be 2/4*(-4 + 4). Let h(f) be the second derivative of -1/20*f**5 - 1/6*f**3 - 1/6*f**4 + 0 + 6*f + y*f**2. Give h(-2).
2
Let g(w) = w**3 + 90*w**2 + 164*w - 1057. Let h be g(-88). Let l(r) = -80*r**2. Give l(h).
-80
Let b(k) = -k**3 + 9*k**2 - 12*k - 39. Let g be 8/4 + -3 - 133/(-19). Calculate b(g).
-3
Let w(a) = -44*a + 492. Let l(s) = s + 39. Let i(j) = 2*l(j) - w(j). Calculate i(9).
0
Let h(c) = -c**2 + 2*c + 3. Suppose 5*g - 3*z = 5, 5*g - 145*z + 25 = -148*z. Calculate h(g).
-5
Let x(d) be the second derivative of -d**4/24 - 2*d**3/3 + 49*d**2 + 33*d. Let t(l) be the first derivative of x(l). Give t(4).
-8
Suppose 0 = 10*n + 138 - 178. Let b(x) = 5 - x**2 - 2*x + 0*x**2 + n*x + 4*x - 1. Let d(i) = -i**2 - 5*i + 2. Let r be d(-4). Determine b(r).
4
Let j(t) = 9*t + 32. Let b(d) = -19*d - 88. Let l(x) = 3*b(x) + 8*j(x). What is l(4)?
52
Let h(k) = -k - 1. Let i be h(-3). Let r(v) = -8 - 4*v**i + 4*v**2 - v**2 + 5*v. Suppose 2*l - 2*q - 28 = 0, 5*q = -135 + 95. Determine r(l).
-14
Suppose 0 = -3*f - 4*f. Suppose f = -2*l - 3*k + 6, 4*k - 18 = l + 1. Let s(q) = -5*q**2 + 2*q + 2. Calculate s(l).
-49
Let x(r) = -r**3 + 5. Let j(k) = 4*k + 2. Let h be j(6). Suppose -21*b + h*b = 345. Let i = b - 69. Calculate x(i).
5
Let x(m) = -m**2 + 8*m + 3. Suppose 10*b - 23*b + 41*b = 56. Suppose 2 = 4*h - 30. Let k = h - b. Calculate x(k).
15
Let k(r) = -r**3 - 4*r**2 + 8*r - 4. Let p = 5172 - 5178. What is k(p)?
20
Let s(t) = -t**3 - 8*t**2 + 22*t + 23. Suppose 164*y - 160*y = l - 34, 4*y = -5*l - 70. Determine s(y).
3
Let t(y) = -y**2 + 4*y - 1. Suppose -22*z = -18*z + 96. Let n be 40/2*(-30)/z. Let h = n + -19. Give t(h).
-13
Suppose 162*g = 166*g - 2612. Let d = -656 + g. Let w(c) = 11*c - 2. Determine w(d).
-35
Let z(x) be the third derivative of x**6/120 + x**5/12 - x**4/12 - x**3/3 + 5*x**2 + 1. Let u(o) = 15*o + 100. Let f be u(-7). Calculate z(f).
8
Let j(y) be the second derivative of y**3 + 17*y**2/2 - 132*y. Calculate j(10).
77
Let r(o) = -3*o**2 - 2*o**2 + 41*o - 4 - 5*o**2 - 2*o**2 + 2*o**2. Calculate r(4).
0
Let i(b) = 2*b**2 - 7*b + 4. Suppose 5*t + 4*x - 10 = -15, -25 = -5*t + 2*x. What is i(t)?
1
Let q = -2133 + 2123. Let n(y) = -2*y**3 - 21*y**2 - 9*y + 20. Determine n(q).
10
Let u(n) = 3*n**2 + 5*n - 2. Let d be ((-30)/8)/(2/(56/21)). What is u(d)?
48
Let x(r) = -3*r - 53. Let d be x(-19). Let b(s) = 5*s**2 - 4*s + 2 + 3*s - 2*s**3 + s**3 + d*s**2. What is b(9)?
-7
Let l(y) be the third derivative of y**9/60480 + y**7/2520 + y**6/120 + 47*y**5/60 - 68*y**2. Let p(j) be the third derivative of l(j). What is p(0)?
6
Let c(z) = 2*z**2 - 2*z - 7. Let m = -804 - -831. Suppose 24 = 3*r + 3*u, -m*r + 28*r - 3*u + 12 = 0. Determine c(r).
5
Let c(f) = -2*f - 3. Suppose 4 = -4*h + 4*l - 4, 2*l - 1 = 5*h. Let k(b) = -1. Let u(r) = h*c(r) - 2*k(r). Let v = -6 + 2. Give u(v).
7
Let b(r) = 33*r - 194. Let i be b(6). Let u(w) = 4*w**2 - 10*w + 9. Let o(x) = -x**2 + x + 1. Let p(g) = 3*o(g) + u(g). Give p(i).
0
Let y(l) be the third derivative of l**6/120 - 11*l**5/60 - 25*l**4/24 - l**3 + 948*l**2. Calculate y(13).
7
Let t(x) = 4*x + 17. Let f = -136 - 304. Let r = -444 - f. Determine t(r).
1
Suppose 2*h + 10*m - 4 = 6*m, -54 = -5*h + m. Let o(q) = -2*q**2 + 19*q + 1. Calculate o(h).
-9
Let v(g) = 3*g**2 + g**3 - 16142 + 16138 - 3*g + g**2. Calculate v(-2).
10
Let l(j) be the first derivative of j**3/3 - 2*j**2 - 89*j - 6613. Determine l(-8).
7
Let j(l) = -l**3 - 5*l**2 + 2. Suppose 1248*u = 1247*u + 7, 80 = -5*m + 5*u. Let c(y) = -8*y**2 - y**3 - 1 + 5 + 5*y + 5*y. Let q be c(m). Give j(q).
2
Suppose -59 = 5*x - l + 13, 0 = x + 5*l + 30. Let m(k) = 4*k + 103. Calculate m(x).
43
Let p(t) = -t**2 + 4*t + 30. Let s be p(8). Let y(c) = -2*c**2 - 2*c. Determine y(s).
-4
Suppose -7*u + 3*u = 12. Let i(v) be the first derivative of v**3/6 + v**2/2 - v + 9. Let p(j) be the first derivative of i(j). Calculate p(u).
-2
Let x(r) be the first derivative of -15/2*r**2 - 84 + r. Calculate x(1).
-14
Let v(l) = -48*l**2 + 192*l + 7. Let t(x) = 5*x**2 - 21*x - 1. Let a(u) = 19*t(u) + 2*v(u). Give a(-15).
-5
Let r(g) = g**3 + 8*g**2 - g. Let v = 156 - 365. Let k = v + 201. Calculate r(k).
8
Let u(p) = 2*p**2 + 7*p + 1. Suppose q - 2 = -0, w = -3*q + 10. Suppose 0 = w*k - 6 + 30. What is u(k)?
31
Let b(z) = -442764*z**3 - 51 + 442766*z**3 - 12*z + 10*z**2 - 1. Give b(-5).
8
Let h be (((-81)/15)/(-3))/((-21)/(-70)). Let i(v) = -4*v + 9. Let l(o) = 4*o - 8. Let k(j) = h*l(j) + 5*i(j). What is k(2)?
5
Let d be 154/33 - 4*(4 - 92/24). Let v(g) be the third derivative of 0*g + 2/3*g**3 + 0 + 5/24*g**d + 28*g**2. Give v(-3).
-11
Let t(z) = -9150*z + 18264*z - 9139*z + 4. Calculate t(3).
-71
Let c(j) be the second derivative of 1/12*j**4 + j**3 + j + 3*j**2 + 0. Let x(g) = g**3 + 63*g**2 + 353*g + 61. Let y be x(-6). What is c(y)?
1
Let t = -7965 - -7956. Let p(o) = 5*o**2 + 48*o + 22. Calculate p(t).
-5
Let b(h) = h**3 + 13*h**2 - 7*h + 101. Let r be b(-14). Let z(d) be the third derivative of -d**6/120 + d**5/20 - d**4/8 - 2*d**3/3 - 29*d**